{"id":97,"date":"2018-08-15T20:05:42","date_gmt":"2018-08-15T20:05:42","guid":{"rendered":"https:\/\/edesign.com.pa\/web\/?page_id=97"},"modified":"2022-04-05T21:15:04","modified_gmt":"2022-04-05T21:15:04","slug":"edesign-domains","status":"publish","type":"page","link":"https:\/\/edesign.com.pa\/web\/edesign-domains\/","title":{"rendered":"Edesign Domains"},"content":{"rendered":"<hr \/>\n<h2 style=\"text-align: center;\">Asesoramos con la mejor estrategia para seleccionar el nombre de dominio adecuado <\/br> para sus necesidades y gestionamos su adquisici\u00f3n y configuraci\u00f3n. <\/h2>\n<p>&nbsp;<\/p>\n<h3 style=\"text-align: center; margin: 50px 0 30px 0;\">\u00bfPor qu\u00e9 registrar su dominio con nosotros?<\/h3>\n<div class=\"row check-server\">\n<div class=\"col-md-4\"><i class=\"fa fa-check-square-o icon-check-server\" aria-hidden=\"true\"><\/i>Activaci\u00f3n Inmediata<\/div>\n<div class=\"col-md-4\"><i class=\"fa fa-check-square-o icon-check-server\" aria-hidden=\"true\"><\/i>Garant\u00eda 100% de propiedad del dominio<\/div>\n<div class=\"col-md-4\"><i class=\"fa fa-check-square-o icon-check-server\" aria-hidden=\"true\"><\/i>Renovaci\u00f3n Justo a Tiempo<\/div>\n<div class=\"col-md-4\"><i class=\"fa fa-check-square-o icon-check-server\" aria-hidden=\"true\"><\/i>WHOIS P\u00fablico o Privado<\/div>\n<div class=\"col-md-4\"><i class=\"fa fa-check-square-o icon-check-server\" aria-hidden=\"true\"><\/i>Redireccionamiento donde usted guste.<\/div>\n<div class=\"col-md-4\"><i class=\"fa fa-check-square-o icon-check-server\" aria-hidden=\"true\"><\/i>Servidor DNS 100% confiable\n<\/div>\n<div class=\"col-md-4\"><i class=\"fa fa-check-square-o icon-check-server\" aria-hidden=\"true\"><\/i>Certificado de Seguridad SSL\n<\/div>\n<div class=\"col-md-4\"><i class=\"fa fa-check-square-o icon-check-server\" aria-hidden=\"true\"><\/i>Asesoramiento estrat\u00e9gico\n<\/div>\n<div class=\"col-md-4\"><i class=\"fa fa-check-square-o icon-check-server\" aria-hidden=\"true\"><\/i>Soporte T\u00e9cnico personalizado\n<\/div>\n<\/div>\n<hr>\n<h3 style=\"text-align: center; margin-top: 100px;\">Vincule su nombre de Dominio con Servicios Adicionales<\/h3>\n<div class=\"row\">\n<div class=\"col-md-3\" >\n<p><i class=\"fas fa-envelope icon-dominio\"  aria-hidden=\"true\"  style=\"text-align: center;\"><\/i><\/p>\n<p><strong style=\"text-align: center; display:block\">Servidor de correo<\/strong><\/p>\n<p style=\"text-align: center;\">Configuramos su dominio con las plataformas de correo l\u00edderes del mercado Gmail, RoundCube, Outlook y m\u00e1s.<\/p>\n<\/div>\n<div class=\"col-md-3\" >\n<p><i class=\"fas fa-server icon-dominio\" aria-hidden=\"true\" style=\"text-align: center;\"><\/i><\/p>\n<p><strong style=\"text-align: center; display:block\">Servidor web<\/strong><\/p>\n<p style=\"text-align: center;\">Hospedamos su p\u00e1gina web presencial con las plataformas, seguridad y recursos a la medida.<\/p>\n<\/div>\n<div class=\"col-md-3\" >\n<p><i class=\"fas fa-calculator icon-dominio\" aria-hidden=\"true\" style=\"text-align: center;\"><\/i><\/p>\n<p><strong style=\"text-align: center; display:block\">Servicio de Cotizador en l\u00ednea<\/strong><\/p>\n<p style=\"text-align: center;\">Instalamos y configuramos nuestro sistema de cotizaci\u00f3n\/facturaci\u00f3n glibzy.com para que administre su negocio en l\u00ednea.<\/p>\n<\/div>\n<div class=\"col-md-3\">\n<p><i class=\"fas fa-file-alt icon-dominio\" aria-hidden=\"true\"><\/i><\/p>\n<p><strong style=\"text-align: center; display:block\">Servidor de documentos<\/strong><\/p>\n<p style=\"text-align: center;\">Sistema para la administraci\u00f3n de archivos en la nube y acceda a ellos donde quiera y cuando quiera.<\/p>\n<\/div>\n<\/div>\n<p><a class=\"btn-informacion\" href=\"https:\/\/wa.link\/hor2vz\">Adquiera su Dominio Aqu\u00ed<\/a><\/p>\n","protected":false},"excerpt":{"rendered":"<p>Asesoramos con la mejor estrategia para seleccionar el nombre de dominio adecuado para sus necesidades y gestionamos su adquisici\u00f3n y configuraci\u00f3n. &nbsp; \u00bfPor qu\u00e9 registrar su dominio con nosotros? Activaci\u00f3n Inmediata Garant\u00eda 100% de propiedad del dominio Renovaci\u00f3n Justo a Tiempo WHOIS P\u00fablico o Privado Redireccionamiento donde usted guste. Servidor DNS 100% confiable Certificado de [&hellip;]<\/p>\n","protected":false},"author":1,"featured_media":0,"parent":0,"menu_order":0,"comment_status":"closed","ping_status":"closed","template":"","meta":{"_joinchat":[],"footnotes":""},"class_list":["post-97","page","type-page","status-publish","hentry"],"yoast_head":"<!-- This site is optimized with the Yoast SEO plugin v24.9 - https:\/\/yoast.com\/wordpress\/plugins\/seo\/ -->\n<title>Edesign Domains - Edesign<\/title>\n<meta name=\"robots\" content=\"index, follow, max-snippet:-1, max-image-preview:large, max-video-preview:-1\" \/>\n<link rel=\"canonical\" href=\"https:\/\/edesign.com.pa\/web\/edesign-domains\/\" \/>\n<meta property=\"og:locale\" content=\"es_ES\" \/>\n<meta property=\"og:type\" content=\"article\" \/>\n<meta property=\"og:title\" content=\"Edesign Domains - Edesign\" \/>\n<meta property=\"og:description\" content=\"Asesoramos con la mejor estrategia para seleccionar el nombre de dominio adecuado para sus necesidades y gestionamos su adquisici\u00f3n y configuraci\u00f3n. &nbsp; \u00bfPor qu\u00e9 registrar su dominio con nosotros? Activaci\u00f3n Inmediata Garant\u00eda 100% de propiedad del dominio Renovaci\u00f3n Justo a Tiempo WHOIS P\u00fablico o Privado Redireccionamiento donde usted guste. Servidor DNS 100% confiable Certificado de [&hellip;]\" \/>\n<meta property=\"og:url\" content=\"https:\/\/edesign.com.pa\/web\/edesign-domains\/\" \/>\n<meta property=\"og:site_name\" content=\"Edesign\" \/>\n<meta property=\"article:modified_time\" content=\"2022-04-05T21:15:04+00:00\" \/>\n<meta name=\"twitter:card\" content=\"summary_large_image\" \/>\n<meta name=\"twitter:label1\" content=\"Tiempo de lectura\" \/>\n\t<meta name=\"twitter:data1\" content=\"1 minuto\" \/>\n<script type=\"application\/ld+json\" class=\"yoast-schema-graph\">{\"@context\":\"https:\/\/schema.org\",\"@graph\":[{\"@type\":\"WebPage\",\"@id\":\"https:\/\/edesign.com.pa\/web\/edesign-domains\/\",\"url\":\"https:\/\/edesign.com.pa\/web\/edesign-domains\/\",\"name\":\"Edesign Domains - Edesign\",\"isPartOf\":{\"@id\":\"https:\/\/edesign.com.pa\/web\/#website\"},\"datePublished\":\"2018-08-15T20:05:42+00:00\",\"dateModified\":\"2022-04-05T21:15:04+00:00\",\"breadcrumb\":{\"@id\":\"https:\/\/edesign.com.pa\/web\/edesign-domains\/#breadcrumb\"},\"inLanguage\":\"es\",\"potentialAction\":[{\"@type\":\"ReadAction\",\"target\":[\"https:\/\/edesign.com.pa\/web\/edesign-domains\/\"]}]},{\"@type\":\"BreadcrumbList\",\"@id\":\"https:\/\/edesign.com.pa\/web\/edesign-domains\/#breadcrumb\",\"itemListElement\":[{\"@type\":\"ListItem\",\"position\":1,\"name\":\"Inicio\",\"item\":\"https:\/\/edesign.com.pa\/web\/\"},{\"@type\":\"ListItem\",\"position\":2,\"name\":\"Edesign Domains\"}]},{\"@type\":\"WebSite\",\"@id\":\"https:\/\/edesign.com.pa\/web\/#website\",\"url\":\"https:\/\/edesign.com.pa\/web\/\",\"name\":\"Edesign\",\"description\":\"Dise\u00f1o y Desarrollo de Aplicaciones Web\",\"publisher\":{\"@id\":\"https:\/\/edesign.com.pa\/web\/#organization\"},\"potentialAction\":[{\"@type\":\"SearchAction\",\"target\":{\"@type\":\"EntryPoint\",\"urlTemplate\":\"https:\/\/edesign.com.pa\/web\/?s={search_term_string}\"},\"query-input\":{\"@type\":\"PropertyValueSpecification\",\"valueRequired\":true,\"valueName\":\"search_term_string\"}}],\"inLanguage\":\"es\"},{\"@type\":\"Organization\",\"@id\":\"https:\/\/edesign.com.pa\/web\/#organization\",\"name\":\"Edesign\",\"url\":\"https:\/\/edesign.com.pa\/web\/\",\"logo\":{\"@type\":\"ImageObject\",\"inLanguage\":\"es\",\"@id\":\"https:\/\/edesign.com.pa\/web\/#\/schema\/logo\/image\/\",\"url\":\"https:\/\/i1.wp.com\/edesign.com.pa\/web\/wp-content\/uploads\/2019\/02\/logo-edesign.png?fit=1000%2C235&ssl=1\",\"contentUrl\":\"https:\/\/i1.wp.com\/edesign.com.pa\/web\/wp-content\/uploads\/2019\/02\/logo-edesign.png?fit=1000%2C235&ssl=1\",\"width\":1000,\"height\":235,\"caption\":\"Edesign\"},\"image\":{\"@id\":\"https:\/\/edesign.com.pa\/web\/#\/schema\/logo\/image\/\"}}]}<\/script>\n<!-- \/ Yoast SEO plugin. -->","yoast_head_json":{"title":"Edesign Domains - Edesign","robots":{"index":"index","follow":"follow","max-snippet":"max-snippet:-1","max-image-preview":"max-image-preview:large","max-video-preview":"max-video-preview:-1"},"canonical":"https:\/\/edesign.com.pa\/web\/edesign-domains\/","og_locale":"es_ES","og_type":"article","og_title":"Edesign Domains - Edesign","og_description":"Asesoramos con la mejor estrategia para seleccionar el nombre de dominio adecuado para sus necesidades y gestionamos su adquisici\u00f3n y configuraci\u00f3n. &nbsp; \u00bfPor qu\u00e9 registrar su dominio con nosotros? Activaci\u00f3n Inmediata Garant\u00eda 100% de propiedad del dominio Renovaci\u00f3n Justo a Tiempo WHOIS P\u00fablico o Privado Redireccionamiento donde usted guste. Servidor DNS 100% confiable Certificado de [&hellip;]","og_url":"https:\/\/edesign.com.pa\/web\/edesign-domains\/","og_site_name":"Edesign","article_modified_time":"2022-04-05T21:15:04+00:00","twitter_card":"summary_large_image","twitter_misc":{"Tiempo de lectura":"1 minuto"},"schema":{"@context":"https:\/\/schema.org","@graph":[{"@type":"WebPage","@id":"https:\/\/edesign.com.pa\/web\/edesign-domains\/","url":"https:\/\/edesign.com.pa\/web\/edesign-domains\/","name":"Edesign Domains - Edesign","isPartOf":{"@id":"https:\/\/edesign.com.pa\/web\/#website"},"datePublished":"2018-08-15T20:05:42+00:00","dateModified":"2022-04-05T21:15:04+00:00","breadcrumb":{"@id":"https:\/\/edesign.com.pa\/web\/edesign-domains\/#breadcrumb"},"inLanguage":"es","potentialAction":[{"@type":"ReadAction","target":["https:\/\/edesign.com.pa\/web\/edesign-domains\/"]}]},{"@type":"BreadcrumbList","@id":"https:\/\/edesign.com.pa\/web\/edesign-domains\/#breadcrumb","itemListElement":[{"@type":"ListItem","position":1,"name":"Inicio","item":"https:\/\/edesign.com.pa\/web\/"},{"@type":"ListItem","position":2,"name":"Edesign Domains"}]},{"@type":"WebSite","@id":"https:\/\/edesign.com.pa\/web\/#website","url":"https:\/\/edesign.com.pa\/web\/","name":"Edesign","description":"Dise\u00f1o y Desarrollo de Aplicaciones Web","publisher":{"@id":"https:\/\/edesign.com.pa\/web\/#organization"},"potentialAction":[{"@type":"SearchAction","target":{"@type":"EntryPoint","urlTemplate":"https:\/\/edesign.com.pa\/web\/?s={search_term_string}"},"query-input":{"@type":"PropertyValueSpecification","valueRequired":true,"valueName":"search_term_string"}}],"inLanguage":"es"},{"@type":"Organization","@id":"https:\/\/edesign.com.pa\/web\/#organization","name":"Edesign","url":"https:\/\/edesign.com.pa\/web\/","logo":{"@type":"ImageObject","inLanguage":"es","@id":"https:\/\/edesign.com.pa\/web\/#\/schema\/logo\/image\/","url":"https:\/\/i1.wp.com\/edesign.com.pa\/web\/wp-content\/uploads\/2019\/02\/logo-edesign.png?fit=1000%2C235&ssl=1","contentUrl":"https:\/\/i1.wp.com\/edesign.com.pa\/web\/wp-content\/uploads\/2019\/02\/logo-edesign.png?fit=1000%2C235&ssl=1","width":1000,"height":235,"caption":"Edesign"},"image":{"@id":"https:\/\/edesign.com.pa\/web\/#\/schema\/logo\/image\/"}}]}},"_links":{"self":[{"href":"https:\/\/edesign.com.pa\/web\/wp-json\/wp\/v2\/pages\/97","targetHints":{"allow":["GET"]}}],"collection":[{"href":"https:\/\/edesign.com.pa\/web\/wp-json\/wp\/v2\/pages"}],"about":[{"href":"https:\/\/edesign.com.pa\/web\/wp-json\/wp\/v2\/types\/page"}],"author":[{"embeddable":true,"href":"https:\/\/edesign.com.pa\/web\/wp-json\/wp\/v2\/users\/1"}],"replies":[{"embeddable":true,"href":"https:\/\/edesign.com.pa\/web\/wp-json\/wp\/v2\/comments?post=97"}],"version-history":[{"count":31,"href":"https:\/\/edesign.com.pa\/web\/wp-json\/wp\/v2\/pages\/97\/revisions"}],"predecessor-version":[{"id":1103,"href":"https:\/\/edesign.com.pa\/web\/wp-json\/wp\/v2\/pages\/97\/revisions\/1103"}],"wp:attachment":[{"href":"https:\/\/edesign.com.pa\/web\/wp-json\/wp\/v2\/media?parent=97"}],"curies":[{"name":"wp","href":"https:\/\/api.w.org\/{rel}","templated":true}]}}